 Determine c(-4).
-799
Let q(d) = 2*d**2 + 39*d + 169. What is q(-7)?
-6
Let m(y) = 58*y**3 - 3*y**2 + 27*y + 27. Determine m(-1).
-61
Let o(p) = -370*p - 4808. Calculate o(-13).
2
Let z(a) = a**3 + 52*a**2 - 45*a + 374. Give z(-53).
-50
Let q(j) = -1734*j**2 - 19081*j - 76. Determine q(-11).
1
Let h(g) = -56*g + 2667. What is h(47)?
35
Let a(t) = 3023*t - 136040. Determine a(45).
-5
Let j(l) = l**3 - 19*l**2 + 31*l + 39. Give j(17).
-12
Let y(f) = -26*f - 348. Calculate y(-16).
68
Let s(h) = h**3 - 45*h**2 + 49*h + 3232. Give s(42).
-2
Let m(h) = 2*h**2 + h - 3. Determine m(-4).
25
Let t(k) = -k**2 + 50*k - 579. What is t(31)?
10
Let x(p) = -59*p + 1762. Determine x(18).
700
Let u(y) = -5*y**2 - 956*y - 180. What is u(-191)?
11
Let j(w) = 2*w**2 + 46*w + 210. Give j(-6).
6
Let y(x) = -9*x**2 - 217*x + 1564. What is y(7)?
-396
Let i(c) = -6*c**2 + 4*c + 170. Give i(-5).
0
Let p(y) = -9*y**3 - 7*y**2 - 23*y + 18. What is p(-3)?
267
Let y(a) = -a**3 - 32*a**2 + 28*a - 255. What is y(-33)?
-90
Let q(n) = -n**2 - 5*n + 204. Calculate q(-18).
-30
Let f(k) = -k**3 - 7*k**2 + 22*k - 11. Determine f(-10).
69
Let d(g) = 9*g**2 + 9*g - 14. Calculate d(1).
4
Let x(h) = 400*h - 8380. What is x(21)?
20
Let v(w) = w**2 - 8*w + 130. Calculate v(10).
150
Let u(j) = j**2 + 390*j - 3997. What is u(10)?
3
Let o(j) = j**2 + 32*j + 318. Determine o(-20).
78
Let q(a) = 6*a + 181. What is q(-7)?
139
Let r(u) = -u**3 + 58*u**2 - 63*u + 329. What is r(57)?
-13
Let s(j) = -j**3 - 6*j**2 - 33. Determine s(-8).
95
Let s(n) = n**2 - 316*n - 2154. Give s(-7).
107
Let x(l) = -4*l + 128. What is x(-14)?
184
Let l(n) = -4*n - 150. Give l(-33).
-18
Let p(g) = -75*g - 544. Determine p(-6).
-94
Let g(s) = -316*s - 630. Give g(-2).
2
Let v(l) = -l**2 + 16*l + 182. Give v(-7).
21
Let z(x) = -x**3 + 57*x**2 - 140*x - 1077. Give z(54).
111
Let l(i) = -7*i**2 + 95*i + 2. Give l(14).
-40
Let o(i) = -2*i**2 - 19*i - 121. Determine o(-13).
-212
Let l(k) = 7*k**2 - 209*k - 34. Determine l(30).
-4
Let k(w) = 72*w - 736. Determine k(10).
-16
Let l(q) = -q**2 + 18*q + 2524. Give l(-42).
4
Let a(d) = -14*d + 167. What is a(17)?
-71
Let l(k) = -k**2 + 11*k - 5. What is l(2)?
13
Let n(h) = 4*h**3 - 49*h**2 - 614*h - 120. What is n(20)?
0
Let v(o) = 6*o**2 + 41*o - 5. Calculate v(-8).
51
Let r(c) = 2*c**3 - 19*c**2 - 33*c + 240. Calculate r(10).
10
Let g(j) = -2208*j**2 + 26497*j - 7. Calculate g(12).
5
Let a(j) = 20*j**2 - 1166*j + 353. Calculate a(58).
5
Let i(r) = -r**2 + 357*r - 1059. What is i(3)?
3
Let y(f) = -f**3 - 65*f**2 + 203*f - 78. What is y(-68)?
-10
Let z(o) = o**3 - 141*o + 211. What is z(11)?
-9
Let s(g) = -3*g**2 + 21*g + 67. Give s(-4).
-65
Let c(u) = u**3 + 10*u**2 + 3*u + 76. Give c(-10).
46
Let t(a) = -3*a**2 + 795*a - 1583. Determine t(2).
-5
Let k(i) = -2*i + 222. Determine k(-43).
308
Let m(o) = -149*o - 691. Give m(-5).
54
Let t(i) = 15*i - 1996. Determine t(134).
14
Let a(v) = -443*v**2 - 461*v - 1. What is a(-1)?
17
Let z(g) = -19*g**3 + 3*g**2 + 2*g - 3. Give z(1).
-17
Let o(k) = 47*k + 759. Give o(-16).
7
Let i(f) = -86*f - 172. Calculate i(-2).
0
Let x(w) = w**2 + 647*w + 2580. Calculate x(-4).
8
Let l(u) = -13*u - 372. Give l(-28).
-8
Let k(d) = d**3 - 18*d**2 + 24*d - 19. Calculate k(17).
100
Let p(g) = -13*g + 222. Determine p(-8).
326
Let l(w) = -24*w - 185. What is l(-6)?
-41
Let y(b) = b**3 - 24*b**2 - 85*b + 125. Calculate y(27).
17
Let o(w) = -29*w**2 + 1244*w + 114. Determine o(43).
-15
Let m(j) = -2*j**2 - 14*j + 12. What is m(-5)?
32
Let v(s) = 328*s - 1478. Calculate v(5).
162
Let w(t) = -t**3 + 61*t + 17. Give w(8).
-7
Let o(u) = 35*u - 790. Determine o(20).
-90
Let l(q) = 187*q - 1119. What is l(6)?
3
Let v(x) = x**3 - 20*x**2 - 73*x - 18. What is v(-3)?
-6
Let l(d) = d**2 - 9*d - 287. What is l(22)?
-1
Let p(q) = 154*q**2 - 1962*q - 524. Determine p(13).
-4
Let u(j) = 184*j - 3653. What is u(21)?
211
Let k(x) = -75*x - 8168. Determine k(-109).
7
Let h(o) = -27*o - 434. What is h(-14)?
-56
Let u(x) = x**3 + 13*x**2 - 138*x + 2. What is u(-19)?
458
Let n(l) = -l**3 + 13*l**2 - 36*l - 29. Calculate n(9).
-29
Let s(i) = i**2 - 11*i - 48. Calculate s(-6).
54
Let i(d) = 2*d**2 - d - 29. What is i(6)?
37
Let s(k) = -13*k**3 + 896*k**2 + 66*k + 189. Give s(69).
-18
Let h(b) = -b**3 - 43*b**2 - 464*b - 186. Determine h(-24).
6
Let a(g) = 2*g**3 - 5*g**2 + 11*g - 10. Calculate a(5).
170
Let d(q) = q**2 + 32*q - 156. Give d(-33).
-123
Let p(f) = 4*f**3 - 24*f**2 + 10*f - 2. Determine p(6).
58
Let r(y) = 10942*y + 10934. Give r(-1).
-8
Let a(m) = 24*m + 738. Give a(-52).
-510
Let c(r) = -3390*r - 30521. Determine c(-9).
-11
Let p(d) = -3*d**3 + 2*d - 10. Calculate p(6).
-646
Let o(n) = n**3 + 33*n**2 + 88*n - 814. What is o(-29)?
-2
Let i(y) = y**3 + 113*y**2 + 639*y - 13. Determine i(-6).
5
Let g(v) = 5*v + 70. Give g(-28).
-70
Let q(o) = 2777*o - 58319. Determine q(21).
-2
Let l(y) = -3134*y - 15656. Calculate l(-5).
14
Let q(j) = -873*j + 39272. Determine q(45).
-13
Let q(m) = -2*m**2 + 5*m + 169. Determine q(-9).
-38
Let z(d) = 4*d**2 - 51*d + 110. Calculate z(7).
-51
Let j(w) = -550*w - 21995. Calculate j(-40).
5
Let b(p) = -90*p - 2373. Calculate b(-26).
-33
Let s(v) = 159*v + 4272. What is s(-27)?
-21
Let s(f) = 3*f**3 + 17*f**2 - 23*f + 16. Determine s(-7).
-19
Let z(t) = -t**2 - 174*t - 5765. Give z(-130).
-45
Let z(v) = 105*v - 5144. Determine z(49).
1
Let c(n) = 446*n + 11102. What is c(-25)?
-48
Let n(r) = -233*r + 6283. What is n(27)?
-8
Let v(u) = -74*u + 77. What is v(2)?
-71
Let q(u) = -13*u**2 + 7*u + 40. Determine q(-8).
-848
Let w(s) = -5*s**2 + 397*s + 3983. Calculate w(-9).
5
Let y(t) = 45*t - 34. Give y(-4).
-214
Let k(g) = -15*g - 448. Calculate k(-33).
47
Let c(j) = 4*j**2 + 3*j + 9. What is c(5)?
124
Let p(r) = -23*r + 540. What is p(31)?
-173
Let g(r) = -512*r**3 - 4*r**2 - 25*r - 23. Determine g(-1).
510
Let s(f) = -f**3 - 21*f**2 - f - 29. Give s(-21).
-8
Let y(d) = -d**2 - 12*d + 6. Give y(7).
-127
Let g(p) = 18*p - 3. What is g(-8)?
-147
Let v(n) = -537*n - 4290. Give v(-8).
6
Let z(m) = 993*m + 199. What is z(1)?
1192
Let z(a) = 7*a + 28. Determine z(-4).
0
Let i(o) = -34*o + 903. Calculate i(32).
-185
Let n(d) = 2*d**3 + 28*d**2 + 12*d + 76. What is n(-14)?
-92
Let m(b) = b**3 - 54*b**2 + 3*b - 172. Determine m(54).
-10
Let f(i) = -3*i**2 + 60*i - 102. Determine f(2).
6
Let r(u) = 62*u**3 - 6*u**2 + 12*u - 11. Determine r(2).
485
Let y(l) = l**3 + 6*l**2 - 16*l - 74. Calculate y(-9).
-173
Let b(m) = 2*m**2 - 225*m + 6327. What is b(55)?
2
Let k(v) = -9*v - 146. Determine k(11).
-245
Let o(g) = g**2 + 15*g - 245. Calculate o(-20).
-145
Let q(p) = -p**3 - 15*p**2 + 362*p + 2. Give q(13).
-24
Let p(d) = -60*d - 797. What is p(-13)?
-17
Let f(o) = o**3 - 17*o**2 - 34*o - 83. Give f(19).
-7
Let y(b) = -b**3 + 13*b**2 - 15*b + 21. Determine y(12).
-15
Let x(a) = 234*a - 24. Calculate x(2).
444
Let m(t) = 2*t**2 - 883*t + 94826. Determine m(257).
-7
Let r(j) = j**3 - 8*j**2 - 79*j - 8. Calculate r(14).
62
Let z(g) = -71*g + 32. Calculate z(1).
-39
Let d(v) = -v**2 - 49*v - 339. Give d(-6).
-81
Let f(l) = -l**3 - 130*l**2 + 813*l - 406. Calculate f(-136).
2
Let n(b) = 47*b**2 - 13*b - 43. What is n(-3)?
419
Let l(f) = -94*f - 43. Determine l(0).
-43
Let i(m) = m**2 - 232*m + 4434. Give i(21).
3
Let c(q) = -38*q + 123. Determine c(4).
-29
Let t(f) = -f**3 - 15*f**2 - 3*f - 5. Calculate t(0).
-5
Let o(a) = 82*a**2 - 652*a + 552. Determine o(7).
6
Let j(k) = 110*k**2 + 426*k - 38. Determine j(-4).
18
Let z(a) = -295*a - 869. Calculate z(-3).
16
Let n(z) = 17*z**2 - 459*z - 4. Determine n(27).
-4
Let a(n) = -n**3 + 79*n**2 - 150*n - 371. Determine a(77).
-63
Let y(m) = 358*m + 48324. Determine y(-135).
-6
Let g(m) = -m**3 + 6*m**2 - 20*m - 15. What is g(6)?
-135
Let x(y) = -4*y**2 + 92*y + 58. Calculate x(24).
-38
Let o(s) = s**3 - 7*s**2 - 19*s + 14. Calculate o(10).
124
Let o(r) = 53*r - 981. Give o(19).
26
Let g(p) = -16*p**2 + 107*p - 133. What is g(3)?
44
Let t(n) = -1160*n + 1165. Calculate t(1).
5
Let h(c) = c**3 + 9*c**2 + 10*c + 23. Determine h(-7).
51
Let l(y) = -y**2 + 10286*y + 51440. Determine l(-5).
-15
Let q(f) = 42*f**2 + 625*f - 82. What is q(-15)?
-7
Let n(t) = -3055*t + 21374. Calculate n(7).
-11
Let p(c) = c**2 - 301